 by 15.
14
Let v = -61 + 120. Calculate the remainder when v is divided by 20.
19
Let q(a) = 26*a - 130. Suppose 5*g - 16 = 19. Calculate the remainder when q(6) is divided by g.
5
Let d(q) = q**2 - 5*q - 6. Let g be d(5). Calculate the remainder when 410/18 - 4/(-18) is divided by (3 - 11)/(4/g).
11
Suppose 2*s - 22 + 4 = 0. Suppose 3*p = s, -x - 2*p + 4 = -6. What is the remainder when 15 is divided by x?
3
Let x(b) = -b**2 + 6*b - 7. Let d be x(5). Let s = -6 + 11. What is the remainder when (-4)/(d*1) + 7 is divided by s?
4
Suppose 6*v = 2*v + 32. Let t be (-2*1)/(v/(-12)). Suppose -t*r + 45 = 2*r. Calculate the remainder when 17 is divided by r.
8
Let y = 12 - 10. Calculate the remainder when 6 is divided by y + 3 + -2 + 1.
2
Suppose -4*i + 198 = -514. Calculate the remainder when i is divided by 30.
28
Let s = 9 + 1. Suppose -o + 5*o - 4 = 0, -4*x - 3*o = -19. Calculate the remainder when s is divided by x.
2
Let w be (5/2)/((-1)/(-2)). Suppose -19 + 154 = w*f - 5*q, -2*q + 24 = f. Calculate the remainder when f is divided by 14.
12
Suppose 3*a = 145 + 14. Calculate the remainder when a is divided by 22.
9
Let x = -44 + 71. Calculate the remainder when x is divided by 17.
10
Let i(v) = -8*v**3 - v**2 - v. Suppose 0 = 3*c, -2*r + 5*c - 4 - 4 = 0. What is the remainder when (-124)/r - (-1 + 2) is divided by i(-1)?
6
Calculate the remainder when 21 is divided by 1/1*(20 + -7).
8
Calculate the remainder when 16 is divided by 0 + (-9)/(1 - 2).
7
Suppose q - 2*k - 47 = 0, -q - 3*q = k - 161. Let u = q + -22. Calculate the remainder when u is divided by 10.
9
Let d = 71 - 63. Calculate the remainder when 23 is divided by d.
7
Let u(k) = 3*k**2 + k - 2. Suppose 2*b + 4 + 0 = -4*r, 8 = -4*b + 3*r. Calculate the remainder when u(b) is divided by 5.
3
Let b = -63 + 98. Calculate the remainder when b is divided by (-2)/(2/(-36)*4).
8
Suppose -4*j - 17 = 35. Let o = j - -7. Let u = 30 + o. Calculate the remainder when u is divided by 9.
6
Let v be 3 + -1*(-1 + 2). Suppose 0 = -w - v*w + 15. Calculate the remainder when 14 is divided by w.
4
Suppose 0 = -x + 4*y, -3*y + 9 + 5 = x. What is the remainder when 23 is divided by x?
7
Suppose -7*f + 20 = -2*f. Calculate the remainder when 10 is divided by ((-12)/(-2))/(6/f).
2
Suppose 0 = 2*f - g - 3*g + 8, 5*g = 10. Suppose f = -m + 34 + 2. Let d = m + -19. Calculate the remainder when 32 is divided by d.
15
Suppose -3*c + 30 = -2*c. Calculate the remainder when c is divided by 16.
14
Suppose 20 = -f + 6*f. Let p be (-1*1)/((-2)/f). Let u(n) = 8*n + 1. What is the remainder when u(p) is divided by 9?
8
Let d(j) = -25*j - 1. Let o be d(2). What is the remainder when o/(-4)*32/12 is divided by 12?
10
Let j be ((-252)/70)/((-2)/15). Let i = j + -17. What is the remainder when 37 is divided by i?
7
Let w be 59/((-3)/(6/2)). Let c = 84 + w. What is the remainder when 97 is divided by c?
22
Let n(v) be the third derivative of v**6/120 - v**5/60 + v**4/24 + 5*v**3/3 + 2*v**2. What is the remainder when 39 is divided by n(0)?
9
Let l = -1 + 10. Calculate the remainder when 23 is divided by l.
5
Suppose 4*n - 140 = -5*b, -2*n + 10 = -0*n. What is the remainder when 46 is divided by b?
22
Let d = 22 + 74. What is the remainder when d is divided by 33?
30
Suppose t - 201 = -t + j, j = -4*t + 393. What is the remainder when t is divided by 25?
24
Suppose 3 = -x - 3*h, 0*x = -3*x - 3*h + 3. Suppose q + p - 3*p = x, 5*q = -5*p. What is the remainder when 44 + 0 + q + -2 is divided by 15?
13
Suppose -2*s + 0 = -4. Suppose -2*h = 2*h. Suppose h = 3*i + s*z + 5 - 78, -3*z = 12. Calculate the remainder when i is divided by 10.
7
Let p = -1 + 1. Suppose 0*u - 3*u = p, 2*u - 48 = -3*w. What is the remainder when w is divided by 166/18 - 2/9?
7
Suppose -3*n = -4*n + 13. Suppose -b - b - 4*v - 2 = 0, -4*v - 17 = -b. Calculate the remainder when n is divided by b.
3
Suppose -22 + 26 = 4*k. What is the remainder when 3 is divided by k?
0
Suppose 0 = -3*r + 4*r - 5. Calculate the remainder when 12 is divided by r.
2
Suppose 46 = -4*h + 114. Calculate the remainder when h is divided by (-336)/(-34) - (-4)/34.
7
Calculate the remainder when 132 is divided by 9/(-90) - 142/(-20).
6
Let t(f) = 7*f**2 + 4*f + 3. What is the remainder when 2 - ((3 - 6) + -18) is divided by t(-1)?
5
Let f(u) = 18*u + 1. Let i be f(1). Suppose -i - 265 = -4*j. Calculate the remainder when j is divided by 15.
11
Let x = -1 - -6. Suppose w = -9 + x. Calculate the remainder when ((-12)/9)/(w/42) is divided by 5.
4
Suppose 378 = 11*f - 7. What is the remainder when 172 is divided by f?
32
Let g(t) = -6*t**3 + 3*t**2 + 5*t + 3. Calculate the remainder when 34 is divided by g(-1).
6
Suppose 60 = f - 0*g + 5*g, f + 2*g = 48. Calculate the remainder when f is divided by 15.
10
Let k = 152 + -137. Suppose 4*h - 2*c - 3*c - 241 = 0, -3*c = -3*h + 180. Calculate the remainder when h is divided by k.
14
Let h be ((-6)/7)/(3/(-14)). Let y = -1 + h. What is the remainder when 11 is divided by y?
2
Suppose 0 = 2*r - 1 - 5. Suppose -2*n - 10 = -4*n. Suppose n*a - 3 - 32 = 0. What is the remainder when a is divided by r?
1
Suppose -3*s - 46 = 5*n, -3*n + 4 = -s - 2. Let r = s - -18. What is the remainder when (-20 + -2)/(-1*1) is divided by r?
4
Suppose 0*v - 4 = -v. What is the remainder when 15 is divided by v?
3
Let m be 1 - (-2 + 0 + 3). Suppose -2*q = -m*q - 14. Calculate the remainder when 20 is divided by q.
6
Suppose 4*r + 44 = 3*l, 2*r + 0*r + 4 = 0. Suppose 0*k - 3*k = -o - 11, -4*k = -2*o - l. What is the remainder when 8 is divided by k?
3
Suppose -32 = -2*h + 66. Calculate the remainder when 145 is divided by h.
47
Let u = -14 + 36. Calculate the remainder when u is divided by 6.
4
Let o(p) = 34*p**2 - 2*p + 1. Let i = -87 + 96. What is the remainder when o(1) is divided by i?
6
Let u(k) = 32*k. Let o be u(-2). Let g = o + 90. Suppose -40*j = -31*j - 693. What is the remainder when j is divided by g?
25
Let y(x) = x**3 - 13*x**2 + 15*x - 18. Let l be y(12). Suppose g + 1 = l. What is the remainder when g is divided by 6?
5
Let k = 24 - 19. Calculate the remainder when 12 is divided by k.
2
Calculate the remainder when (-5 - 1)/(-1 + 20/28) is divided by 4.
1
Let x(l) = -l**3 - 5*l**2 + 14*l + 8. Calculate the remainder when 37 is divided by x(-7).
5
Let a = 9 + -6. Suppose 3*d - 35 = -4*m, 5*d = 2*d + a. What is the remainder when 3 + -3 + (13 - -1) is divided by m?
6
Let a(q) = -21 + 5*q + 21. Let g be a(1). What is the remainder when 63 + g/(5/2) is divided by 22?
21
Let i = -157 + 185. Let l(u) = -4*u. Calculate the remainder when i is divided by l(-4).
12
Suppose -18 = -w - 3*x, -w - 4*x = -0*w - 19. What is the remainder when 59 is divided by w?
14
Suppose 5*l + 0*r = r + 324, 3*r = -4*l + 244. Calculate the remainder when l is divided by 23.
18
Suppose -12 = 4*y - 0. Let t be -1 - y - 170/(-2). Let r = t - 62. Calculate the remainder when r is divided by 13.
12
Suppose -5*q = -5*g - 135, -3*g = 3*q + 1 - 70. Suppose -5*c + 45 = -5*s, 4*c + 4*s = 3*c + 9. Calculate the remainder when q is divided by c.
7
Let f(x) = -2*x. Let v be f(-3). Let r(l) = 7*l + 19. Calculate the remainder when r(3) is divided by 2/v - (-164)/12.
12
Let a(i) be the second derivative of 13*i**3/6 + 11*i**2/2 + 5*i. What is the remainder when a(4) is divided by 16?
15
Let i be 1*-3 + -2 + 13. What is the remainder when 26 is divided by (14/i)/((-4)/(-32))?
12
Let q be 10/2 + (-2)/(-2). Let k(r) = 2*r**2 + 2*r - 8. Let v be k(q). Suppose -24 = -5*z + v. Calculate the remainder when 58 is divided by z.
18
Suppose -5*l + 578 = 4*s, -2*l + 5*l + 136 = s. What is the remainder when s is divided by 29?
26
Let w = 12 + 3. Let k be 184/18 - 4/18. Let x(s) = 4*s - 11. What is the remainder when x(k) is divided by w?
14
Let m(n) = 3*n - 7. Calculate the remainder when m(13) is divided by 9.
5
Suppose 0*f + 2*f + 3*d - 5 = 0, 4*f = -4*d + 12. Suppose 4*l - 90 = 5*n, 0 = -3*l + f*l - 4*n - 28. Calculate the remainder when 58 is divided by l.
18
Let j(l) = l**2 + 2*l - 2. What is the remainder when j(4) is divided by 87/7 + 33/(-77)?
10
Let v = 6 + 10. Let d = -2 + v. Calculate the remainder when d is divided by 5.
4
Suppose -5*s + 273 = -2*w - 167, -3*w - 440 = -5*s. Calculate the remaind